- -120?
30
-35 - -29 - (-11 - 1) - (1 - (5 - 24))
-14
What is the value of 71 + (9 + -60 - -39)?
59
Evaluate -43 + 5 + 48 + -90.
-80
What is 15 + (-20 + -6 - 20) + 2?
-29
Calculate (-7 - -6) + (-124 - -141) + (-1 - -12).
27
Calculate 53 + (-10 - (16 - -16)).
11
What is the value of (15 - 5) + -23 + 24 - (4 + 24)?
-17
-34 + 26 - (20 - 1)
-27
Calculate -138 + 189 + (-7 - 26).
18
(-2 + (1 - 3) - 0) + (0 - -63) + -119
-60
-11 - (-10 - 3) - (1 - (-2 - -9) - -6)
2
What is the value of -29 + (9 - 103 - -192)?
69
Calculate 9 - ((4 - 6) + (82 - 84)).
13
What is 3 - ((-21 + 13 - -17) + -25)?
19
Evaluate (168 + -158 - (18 + -1)) + -52 + (-6 - -2).
-63
Evaluate 2 - (0 + (4 - -4 - 4)) - (-248 + 270).
-24
What is the value of -1 + -42 - -2 - (12 - 18)?
-35
Calculate -11 + (-15 - -50 - 18) + -6.
0
(-4 - (0 - 9)) + -29 + 7 + 5 + -6
-18
What is (-11 - (7 - (-38 - -6))) + 10 + -3 + -1?
-44
Calculate -179 - (-64 + -119 + 79).
-75
-28 - (-4 - 11 - -10) - -18
-5
Evaluate -5 + (39 + -8 - -2 - 21) + 25.
32
Evaluate 42 + (-38 - (-4 - 9)).
17
What is the value of (679 - 688) + 29 + -3 + -1 + 4?
20
Evaluate -27 + 62 + (-38 - -8) - 115.
-110
Calculate 42 + (-6 - -16) + -32 - 9.
11
Evaluate -12 + -46 + (-36 - -23) + 179.
108
What is the value of 15 - (-8 + 41) - (8 + 0 - (-22 - -24))?
-24
(49 + -106 + -21 - (-7 - 0)) + 0
-71
21 + -2 - (-51 + 108 + -51)
13
What is 12 + 19 - -13 - 45?
-1
What is (5 - 3) + -28 + 40 + 19 + -12?
21
What is the value of -17 + 30 + (8 - (9 + -7) - (86 - -7))?
-74
Calculate 6 + -18 + -21 + 4 + 38.
9
93 - (13 + (14 - ((-18 - -68) + -17)))
99
Evaluate (83 - 3) + -156 + 153 + (3 - -17 - 2).
95
131 + -126 - (-103 + -2) - (13 + 1)
96
-70 + 30 + -1 + -20
-61
What is the value of -41 + (25 - 36) + (-18 - 7 - -6)?
-71
What is -62 + (2 + -66 - -69)?
-57
Calculate -148 - -37 - (58 - 66).
-103
Evaluate -5 - (10 - (-25 + 17 - -34)).
11
Calculate 116 + -236 + 103 - (-98 - 3).
84
What is the value of 23 + (-660 - -699) + (1 - -19)?
82
Calculate (-3 + 6 - 9 - -6) + 6 + (-17 - 2).
-13
What is the value of (5 - -21) + -3 + 51 + -22?
52
-127 + (80 - (-25 - -43))
-65
What is the value of -477 + 471 + (-1 - -8) + 1 + (13 - -23)?
38
(37 + -20 + -10 - 44) + 4 + 7
-26
Calculate 10 - (1 + (-28 - ((9 - -9) + -14))).
41
Evaluate -1 - 8 - (4 + (-4 - 87) + -1) - -11.
90
(-10 - -13) + -7 - (-46 + 4 + -1)
39
Evaluate (119 - 109) + 63 + -7.
66
What is (53 - 44) + (-1 + 43 - (34 - 37))?
54
Calculate (-2 - -1) + (-51 - 14 - -51).
-15
Calculate -14 + 5 + (19 - 59 - -24).
-25
Evaluate -54 + 62 + (0 + -1 - (-21 + 7)).
21
What is 15 + (1 - 2) + (-35 - (34 - 57))?
2
What is (-84 - -4) + 120 - (33 - -1)?
6
What is 235 + -255 + -2 + (-4 - -19)?
-7
Evaluate (13 - 2 - -3) + -12 + 2 - (0 + 5).
-1
Evaluate -1 + (-2 + 8 + 8 - 12) - 75.
-74
Calculate -11 - (-1438 + 1262 - (2 - 29)).
138
What is the value of 7 - 11 - (85 + ((-34 - -2) + 7 - -14))?
-78
What is the value of 3 + -14 - (-8 + 5 + 0) - 13?
-21
What is the value of 136 + 228 + -327 + (0 - (0 + 1))?
36
What is the value of -71 + 30 - -26 - (-1 + 2 - 8)?
-8
Calculate -23 + 3 - (25 - 27 - 12) - (1 - 1).
-6
Evaluate 2 + -9 - 36 - (15 + (1 - 11 - -3)).
-51
What is the value of -69 + (-3 + 14 + -13 - (-13 + 2) - 10)?
-70
What is the value of -36 - -26 - ((-5 - -9) + -68 + (2 - -3))?
49
Calculate 42 - ((1 - 16) + 609 + -609).
57
What is (-2 - 11) + 24 - (-23 - 1 - 3)?
38
What is -1 + -12 + (-25 - -35 - (2 + -2)) - -22?
19
-26 + (23 - -6) - (-3 - (7 + -3))
10
Calculate -10 + (-14 - -42) + (-115 - (-19 + 16)).
-94
Evaluate 7 + (22 + -89 - -30).
-30
What is -17 + (-92 + 39 + 48 - (48 + -1))?
-69
2 + 143 + (-3522 - -3461)
84
Calculate 16 - (13 + -19 + 24 + -12).
10
Evaluate 1 + -20 + (-238 - -287) - -17.
47
Calculate -62 + -55 + 135 - 140.
-122
What is the value of 23 + -1 - (92 + -233 - -115)?
48
(-3 - (4 + -13)) + -48
-42
What is (5 + 41 - -29) + -66?
9
Calculate -52 + 1 + (-65 - -12) + (35 - -25).
-44
Calculate 123 - 1 - (188 - 151).
85
Evaluate -8 - 14 - (-167 + 164 - (-14 - 0)).
-33
(170 + -156 - (3 + 2 + -8)) + -52
-35
Calculate 271 + -260 - 10 - (0 - (-1 + 15)).
15
Evaluate -2 + 0 + (-3 - 0) + 4 + 66 + -21.
44
Evaluate 4 + -2 + (24 + -34 - -27 - 6).
13
7 + -39 + (35 + -18 - 22)
-37
45 + (-51 - 108) - -99
-15
-15 + 99 + (-253 - -74)
-95
Calculate 3 - ((-33 - (-15 - 3)) + -6) - (1 - 9).
32
Calculate 39 - 55 - (-13 - (-57 - (14 - 9))).
-65
Calculate 3 + (-13 - -13 - 13) + -41 + 0.
-51
What is 13 - (4 - 3) - (-14 + 14 - -38)?
-26
Calculate -42 + (-7 + 16 - (2 + -1 - -8)) + 0.
-42
-277 + 516 + -112 - (-2 - -2)
127
(16 - 5) + -2 - ((59 - (-6 - 0)) + 1)
-57
Evaluate 17 - (105 + -35 + -46).
-7
What is the value of 9 - (144 + -147 + (0 - (-7 + -4)) + 31)?
-30
What is the value of -3 + 16 - 2 - ((21 - 22) + 15)?
-3
What is 39 + (-105 - -51) - (-42 + -4)?
31
Calculate 13 - (3 + (-43 - ((-28 - -7) + -4))).
28
Evaluate 103 - (5 - -81) - (60 - (1 + -3)).
-45
Evaluate 10 - (53 + 21 + -34 - 71).
41
What is the value of -32 + (-10 - (-84 + 25)) + -93?
-76
Calculate -2 + 0 + 70 + -2 + 19171 + -19154.
83
Calculate -47 + 60 - (13 + -9 - -53).
-44
Evaluate 7 + -4 + -49 + -639 + 653.
-32
Evaluate -11 - ((9 - -4) + (25 - (56 - 9))).
-2
What is the value of 0 + (10 - 110) + (21 - 68)?
-147
What is the value of 76 - (103 + 92 + -116)?
-3
What is -324 - -319 - (1 + -5 + 5 + 42)?
-48
What is the value of -10 + -59 - (-53 + -19)?
3
What is -3 + 62 + (-74 - -68) + 1 + -2 + -3?
49
Evaluate -4 - ((4 - (-6 + 9)) + -40 + 27) - -59.
67
Evaluate 0 + -28 - 2 - (107 - (-101 - -219)).
-19
Calculate (-15 - -29) + -3 + -76 + (-5 - -9).
-61
What is 27 - -18 - -20 - (7 - -5 - -2)?
51
What is 19 + 13 + -29 + (0 - 13 - -4) - -17?
11
Evaluate (28 - (-46 - -30)) + -31 + -1 + -85.
-73
-487 - -516 - (-13 - (-3 - -9))
48
Calculate -103 + 9 + (25 + -10 + -4 - 30).
-113
What is the value of (16 + 9 + -14 - (15 + 4)) + 3 + 38?
33
What is the value of -8 + 19 + (-2 - (-15 + 22)) - 8?
-6
(-3 - (-17 + 11 + -9)) + -3 + 0 + -15
-6
-176 + 114 - (-6 + -21 + 7 + 5)
-47
(-1 - (3 + 1)) + (-6 - -25) + 50 + -46
18
Evaluate 128 - (83 - 137 - -71).
111
Evaluate -24 + (-4 - -18) + (1 - (3 + (-4 - 2))).
-6
-55 + 110 + 15 - (-6 - -3)
73
What is the value of (27 - (14 - -24) - -21) + -39?
-29
Evaluate 37 - (-5 - (3 - 17) - (-1 + 4 - 1)).
30
Calculate 0 + (-5 - -50) + ((-6 - 1) + -1 - -9).
46
What is the value of -85 + (0 - -8) + -16 + 54 + -1 + -34?
-74
Calculate -8 + -30 + -10 + 60 - 53.
-41
-2 + (-1 - -2) + 38 + 65 + -12
90
7 + (39 - 21 - 9 - (24 + -1) - 6)
-13
3 + (0 - (2 - 0)) - (-41 + 26 + 4)
12
Evaluate (-2 - -3) + 43 + (-4 - -78).
118
Evaluate (-25 + -5 + 34 - -23) + -80 - (0 - -4).
-57
Calculate 13 - 1 - (24 - (58 - -21)) - 16.
51
Calculate 1248 - 1136 - (1 + 73).
38
Evaluate -35 - (2 + -2 + 1 - (233 + -240)).
-43
What is the value of 36 - ((-190 - -229) + 3 + -30)?
24
Calculate -76 + -10 + 18 + 15 + -9.
-62
Evaluate 41 - (4 + -34 + 28 - (0 - 1)).
42
What is 1 + (55 - 0) + (-3 + -4 - (277 + -275))?
47
Evaluate 62 + ((21 - 11) + -7 - 21).
44
What is the value of -18 + (-103 - -220) + -2?
97
Evaluate 14 + 65 - 31 - 59.
-11
Calculate 1 + -3 + (30 - (-10 - (-24 + 10 + -4))).
20
6 - (69 + (4 - (5 + 2 - -14) - -5))
-51
What is 24 + (-19 - (-19 + 7)) + 28?
45
-20 - (-7 - -6) - (-21 - -5)
-3
Evaluate 37 + -40 + (2 - -36).
35
What is (19 - 24) + -29 - -45?
11
What is the value of -33 + (59 - 6) + -55?
-35
Calculate (-147 - -85 - (0 - (3 - 3))) + 12.
-50
Calculate 1587 - 1508 - (-13 + 1).
91
Evaluate (57 - (-69 - -157)) + 20.
-11
(4 - 1 - 2 - -4) + -31 + 3
-23
Evaluate (15 - 41) + 8 + (-24 - -30 - (-2 + 10)).
-20
What is 12 - ((148 - 143) + (18 - 2))?
-9
Calculate -33 + -23 + 212 + -156.
0
What is the value of -15 - ((3 + -8 - (-63 + 61)) + 1 + -4)?
-9
32 + (-116 - (-22 + -39))
-23
(20 - 5) + 36 + -36 + 68 + 0
83
What is -166 + 216 - (0 + 34)?
16
Calculate (15 - (-3 - -1) - 11) + (0 + 52 - 1).
57
Evaluate -8 - ((-6 + 56 - (-1 + 11)) + -12).
-36
What is the value of (-5 - (20 - (-10 + 16))) + 29?
10
What is the value of 3 + -8 - -13 - (0 + (-9 - (-9 + 41)))?
49
What is (22 - 28 - (2 + -7 - (10 - 17))) + 40?
32
22 + 4 - -1 - 4 - (-1 - 2)
26
Calculate -669 + 671 - (-7 + 0 - (-1 - 2)).
6
-18 + (1 - 3) - 11 - -98
67
What is the value of -18 + (-64 - (0 + -8 + 56 + -55))?
-75
(43 - (37 + -19 - 54)) + 25
104